s the greatest common divisor of f and 165?
15
Suppose 274 = 5*k - 2*i, -k + 2*i + 33 = -25. Calculate the greatest common divisor of k and 135.
27
Suppose 6 = -2*k, 3*k = 2*h + 3*h + 261. Let o = h - -94. What is the greatest common divisor of o and 60?
20
Let f be (2 - (-20)/14)*7. Let x = -1 - -7. What is the highest common factor of f and x?
6
Let y(a) = a**2 + 2*a - 2. Let j = 10 - 14. Let c be y(j). What is the highest common factor of 42 and c?
6
Suppose 4 = m + 1, 0 = -4*x + 2*m + 38. Let p(y) = -54*y**3 + 1. Let g be p(-1). What is the greatest common divisor of x and g?
11
Suppose -f + 58 = -2*z, 2*f - 32 = z + 3*f. Let v be 5/2*z/(-25). Let j be -1*(1 - 4)*9. What is the greatest common factor of j and v?
3
Let c be 8/(-60) - 6/(-45). Suppose 3*r - l - 46 - 74 = c, -r = -5*l - 40. Calculate the highest common divisor of 10 and r.
10
Suppose -5*s + 7 = -3. Let c be -2 - 1*-7*s. Let i = 21 - c. What is the highest common factor of i and 36?
9
Let v be ((-4 - -3) + 6)*5. What is the highest common divisor of 10 and v?
5
Let j be (-14)/119 + (-174)/(-34). Calculate the greatest common divisor of j and 1.
1
Suppose -5*c = -4 + 24. Let i(j) be the second derivative of j**4/12 + j**3/6 - 2*j**2 - j. Let u be i(c). Calculate the greatest common factor of 4 and u.
4
Let t be (5 - 10) + 246/6. What is the greatest common divisor of 6 and t?
6
Suppose -5*r + 15 = -h + 38, -r + 24 = 2*h. What is the highest common divisor of 39 and h?
13
Let j be -3 - (-1 + 43)*-8. What is the highest common divisor of j and 37?
37
Let w = -17 - -23. Calculate the greatest common factor of w and 6.
6
Let a(g) = 5*g. Let i be a(5). Suppose r - 3 = i. Suppose 0 = -m + 33 + 9. Calculate the highest common divisor of m and r.
14
Let j = 2 + 7. Suppose -k - 9 = -18. What is the greatest common factor of j and k?
9
Suppose -9 = 5*g - 229. Calculate the highest common factor of 11 and g.
11
Let f be (-1 - -1)*(0 + -1) - -8. Calculate the greatest common factor of f and 16.
8
Suppose 5*o = 59 - 14. What is the highest common factor of 63 and o?
9
Suppose -4*f - 78 = 3*w, -3*f = 4*w - 2*f + 117. Let k = -18 - w. What is the greatest common factor of k and 120?
12
Let p = -2 + 4. Suppose p*l = 6*l - 8. What is the greatest common factor of l and 6?
2
Suppose -5*y + 5*d + 105 = -0*d, -d + 11 = y. What is the greatest common factor of y and 24?
8
Suppose 123 = 4*b + 3*l, -2*b - l = -7*b + 130. Let q = 7 - 10. Let z = b + q. What is the greatest common divisor of 12 and z?
12
Let r = 8 + -6. Suppose 0 = -r*y + 2*o + 74, 3*y - 95 = -4*o - o. Calculate the greatest common factor of y and 5.
5
Suppose 13*r - 184 = -28. Calculate the greatest common divisor of 8 and r.
4
Let f be ((-16)/(-12))/((-2)/(-15)). Calculate the greatest common divisor of 110 and f.
10
Let k = -17 + 32. Let f = 22 - 10. Let d be f/5*k/6. Calculate the highest common divisor of 12 and d.
6
Suppose 0 = -2*a + 5*u + 25, -3*a + a = -u - 37. What is the greatest common divisor of 30 and a?
10
Let o(i) = 5*i - 1. Let s be o(6). Calculate the greatest common factor of 29 and s.
29
Let m = -6 - -21. What is the highest common divisor of m and 6?
3
Suppose -3*s - 4*r + 8 = 0, -2*r + 0*r = 2. Calculate the highest common factor of s and 8.
4
Suppose 3*r = 2*a + 179, -169 - 40 = -3*r - 4*a. What is the greatest common factor of 36 and r?
9
Let m be 1 + -1 + (1 - -2). Suppose 5*u = -3*r + 24, 0 = r + 4*u + 2 - m. Calculate the highest common divisor of 91 and r.
13
Let w = -14 + 20. Suppose 3*y - 41 = -a, 5*y - 55 = -w*a + a. Calculate the greatest common factor of 3 and y.
3
Let y be 3 - -31 - (-3)/(-6)*4. Calculate the greatest common divisor of y and 32.
32
Let m = -119 - -200. Suppose -z = 2*z - m. Calculate the highest common divisor of z and 18.
9
Let q be (-1 - -273)/2 + 4. What is the greatest common factor of 14 and q?
14
Suppose 5*p + 4*t - 83 = -0*p, -4*p = -4*t - 52. What is the greatest common divisor of p and 105?
15
Suppose 0 = -3*f + 129 + 27. Let w = 14 + 12. What is the highest common factor of f and w?
26
Suppose -12 = -t - 2*t. Let v(x) = 2*x - 7. Let b be v(t). Calculate the highest common divisor of 3 and b.
1
Let y = 27 + 18. Calculate the greatest common divisor of y and 9.
9
Suppose 2*n + 32 = 84. Calculate the highest common divisor of n and 78.
26
Let t = 290 + -122. Suppose t = 4*z + 8. What is the greatest common factor of 10 and z?
10
Let b(l) = -l**2 + 10*l - 8. Let y be b(8). Let c be (y/(-12))/((-1)/9). Calculate the greatest common factor of c and 4.
2
Let j(o) = -15*o**3 + 2*o**2 + 5*o - 2. Let x be j(-2). Calculate the greatest common factor of 29 and x.
29
Let k = 61 + -34. Let r(p) = -p**3 + 4*p**2 + p - 1. Let a be r(4). Calculate the greatest common divisor of k and a.
3
Suppose 60 = 3*c + f - 55, 0 = 3*c + 3*f - 111. What is the greatest common factor of c and 351?
39
Suppose -2*t + 5*t = 2*z + 1, 2 = 2*z. Let h be t/1*(3 + 6). Let u = 119 - 74. Calculate the highest common divisor of u and h.
9
Let i = -75 + 112. Calculate the greatest common factor of 37 and i.
37
Suppose -2*u - 680 = -7*u + 3*y, u + y - 136 = 0. Suppose -2*o = 3*o + 4*i - u, 59 = 2*o - 3*i. What is the greatest common factor of 4 and o?
4
Suppose 0 = -2*l + 55 + 131. Suppose 48 = 2*f + 2*f - 4*x, -4*f = 5*x - l. What is the highest common divisor of f and 51?
17
Let j(u) = 7*u - 14. Let p be j(10). Calculate the greatest common divisor of 42 and p.
14
Suppose -5*i - 5*r = -110, 3*i + 5*r - 30 = 44. Calculate the greatest common factor of i and 36.
18
Suppose -4*w - k + 2*k + 20 = 0, w + 8 = -3*k. Let f(u) = 2 - u - 5*u + u**2 + w*u. Let y be f(3). What is the highest common divisor of 20 and y?
5
Let f(q) = q**2 + 4*q - 5. Let t be f(-5). Suppose 0 = 4*b - t - 4. Let n be (42*-1)/(-3) + b. What is the highest common divisor of n and 3?
3
Let p be (1 + -3)*3/(-2). Suppose 0 = -5*s + 25, -c + 0*s - p*s + 35 = 0. What is the greatest common divisor of 50 and c?
10
Let v = 2 + -22. Let h = v - -32. What is the greatest common factor of h and 6?
6
Let k(f) = 8. Let i(s) = -s - 16. Let y(t) = 3*i(t) + 5*k(t). Let b be y(-6). Calculate the greatest common factor of 70 and b.
10
Suppose 3 = d - 5*t - 2, 2*t = 4*d - 2. Suppose d = -2*g + g. Let o be (-3)/(-3 - g) + 33. What is the highest common divisor of o and 51?
17
Suppose -z + 3*z + 8 = 4*n, -5*n - z + 10 = 0. Calculate the highest common factor of 10 and n.
2
Suppose 3*h - 5*i = -0*i + 12, 2*h - i = 1. Let n(g) = g**2 - 1. Let q be n(h). Let f = q + 8. What is the greatest common divisor of 64 and f?
8
Let x = 0 + 12. Suppose -v - 4*v + 35 = 5*p, -5*p + 41 = -v. What is the greatest common divisor of x and p?
4
Suppose 2*v = 3*v + 4. Let m(a) be the first derivative of 2*a**3/3 - a**2/2 - a + 2. Let k be m(v). What is the greatest common divisor of 5 and k?
5
Let m be 110 - (8/(-2))/(-2). Suppose 0 = 3*g - 48 + 12. What is the greatest common factor of g and m?
12
Let r be (-4)/(-3)*6/4. Suppose -r*w = -10 - 70. What is the highest common divisor of 10 and w?
10
Let m(l) be the second derivative of 2*l**4/3 + 5*l**3/6 + 3*l**2/2 - 4*l. Let q be m(-3). What is the highest common factor of 15 and q?
15
Let y = -17 - -32. Let i(o) = 2*o**3 + 2*o**2 + 2*o - 2. Let a be i(2). Let m = a - y. What is the greatest common factor of 55 and m?
11
Let k = -159 - -171. Calculate the highest common divisor of 12 and k.
12
Let y(g) = -4 - 2 - 65*g + 5. Let r be y(-1). Suppose -3*v = v - r. What is the greatest common factor of 64 and v?
16
Let b = -32 - -64. Let z = -4 + 8. Calculate the greatest common factor of z and b.
4
Suppose 0*f - 9 = -3*f. Let r be (-3)/9*(f + -12). What is the highest common factor of 15 and r?
3
Let x be (-222)/(-5) - (-2)/(-5). Suppose -2*f - 12 = -4. Let j = 15 + f. What is the greatest common factor of x and j?
11
Let w be (2/(-4))/(1/8). Let t be (-24)/9*18/w. Suppose 0 = -5*p + 3*a + 171, 3*a = -5*p - 101 + 290. What is the highest common factor of p and t?
12
Suppose 2*q + 8 = 30. Let p = 84 - 29. Calculate the highest common divisor of q and p.
11
Let w(j) = 9*j + 3. Let p be w(6). Let o = 87 - p. Calculate the greatest common divisor of o and 30.
30
Let d = 11 - 5. Suppose -d*o = -3*o - 168. Calculate the greatest common factor of 7